{"id":254,"date":"2019-04-06T18:07:39","date_gmt":"2019-04-06T18:07:39","guid":{"rendered":"http:\/\/osuwela.org\/osuwela\/?page_id=254"},"modified":"2019-05-20T17:09:22","modified_gmt":"2019-05-20T17:09:22","slug":"mais-ciencia","status":"publish","type":"page","link":"http:\/\/osuwela.org\/?page_id=254","title":{"rendered":"Mais Ciencia"},"content":{"rendered":"<p>Os Clubes de Ci\u00eancia s\u00e3o uma forma de dinamiza\u00e7\u00e3o da Ci\u00eancia de forma l\u00fadica nas escolas do Ensino Secund\u00e1rio. \u00c9 a partir daqui que os alunos desenvolvem projectos e participam nas Feiras de Ci\u00eancias. Com o seu apoio, \u00e9 poss\u00edvel apoiar a dinamiza\u00e7\u00e3o de mais clubes em todo o pa\u00eds, com mais equipamentos e actividades.<\/p>\n<p><img loading=\"lazy\" class=\"alignnone wp-image-248 size-full\" src=\"http:\/\/osuwela.org\/osuwela\/wp-content\/uploads\/2019\/04\/demo.slide3_.jpg\" alt=\"\" width=\"780\" height=\"860\" srcset=\"http:\/\/osuwela.org\/wp-content\/uploads\/2019\/04\/demo.slide3_.jpg 780w, http:\/\/osuwela.org\/wp-content\/uploads\/2019\/04\/demo.slide3_-272x300.jpg 272w, http:\/\/osuwela.org\/wp-content\/uploads\/2019\/04\/demo.slide3_-768x847.jpg 768w, http:\/\/osuwela.org\/wp-content\/uploads\/2019\/04\/demo.slide3_-600x662.jpg 600w\" sizes=\"(max-width: 780px) 100vw, 780px\" \/><\/p>\n<p><a class=\"btn btn--rev\" href=\"#!\">APOIE AQUI<\/a><\/p>\n","protected":false},"excerpt":{"rendered":"<p>Os Clubes de Ci\u00eancia s\u00e3o uma forma de dinamiza\u00e7\u00e3o da Ci\u00eancia de forma l\u00fadica nas escolas do Ensino Secund\u00e1rio. \u00c9 a partir daqui que os alunos desenvolvem projectos e participam nas Feiras de Ci\u00eancias. Com o seu apoio, \u00e9 poss\u00edvel apoiar a dinamiza\u00e7\u00e3o de mais clubes em todo o pa\u00eds, com mais equipamentos e actividades. APOIE AQUI&hellip;<\/p>\n","protected":false},"author":1,"featured_media":0,"parent":0,"menu_order":0,"comment_status":"closed","ping_status":"closed","template":"","meta":[],"_links":{"self":[{"href":"http:\/\/osuwela.org\/index.php?rest_route=\/wp\/v2\/pages\/254"}],"collection":[{"href":"http:\/\/osuwela.org\/index.php?rest_route=\/wp\/v2\/pages"}],"about":[{"href":"http:\/\/osuwela.org\/index.php?rest_route=\/wp\/v2\/types\/page"}],"author":[{"embeddable":true,"href":"http:\/\/osuwela.org\/index.php?rest_route=\/wp\/v2\/users\/1"}],"replies":[{"embeddable":true,"href":"http:\/\/osuwela.org\/index.php?rest_route=%2Fwp%2Fv2%2Fcomments&post=254"}],"version-history":[{"count":6,"href":"http:\/\/osuwela.org\/index.php?rest_route=\/wp\/v2\/pages\/254\/revisions"}],"predecessor-version":[{"id":276,"href":"http:\/\/osuwela.org\/index.php?rest_route=\/wp\/v2\/pages\/254\/revisions\/276"}],"wp:attachment":[{"href":"http:\/\/osuwela.org\/index.php?rest_route=%2Fwp%2Fv2%2Fmedia&parent=254"}],"curies":[{"name":"wp","href":"https:\/\/api.w.org\/{rel}","templated":true}]}}